
-6
-74 + 71 - (1 - 1)
-3
What is the value of -2 + (3 - 5) - -6?
2
What is the value of -1 + (1 - 1) + -187 + 189?
1
What is -1 + 1 + (-5 - -8)?
3
What is the value of 1 + -2 + 0 + 1 + 5?
5
Calculate (6 - (-2 - -3) - 10) + 4.
-1
Calculate -2 + 7 + -2 - 2.
1
What is (1 - -1 - 3) + 6?
5
What is the value of -38 - -42 - (0 - 2)?
6
Calculate (2 - 1) + (3 + -4 - 4).
-4
What is the value of (-1 - -5) + 2 + 10 + -20?
-4
1 + -9 + 1 + 11
4
What is -7 + 7 + 1 + 7 - 5?
3
Calculate -82 - -76 - (-7 - 0).
1
Evaluate -1 + -2 + -5 + 4 - 0.
-4
3 + (3 + -4 - 0)
2
What is -4 - -1 - (1 + 2 + -1)?
-5
What is the value of (0 + -2 - -4) + -4 + 4?
2
Evaluate (-10 - (10 + -6)) + 11.
-3
5 - (1 + (-1 - (-2 - 1)))
2
2 - ((27 - 24) + (1 - -6))
-8
What is 4 + (-6 - (2 + -2))?
-2
What is -3 - (-7 - (7 + -18))?
-7
What is 7 - (-5 - (-14 - -10))?
8
Evaluate 1 - -1 - (-4 + -1 + 2).
5
What is -1 + 0 + 0 + 9 + -5?
3
(11 - 5) + -4 + 4 + -5
1
Calculate 1 - (-5 - (2 - 5 - 2)).
1
What is the value of (33 - 37) + (-2 - (-9 - 1))?
4
Evaluate 3 - (3 + -7) - (0 + 3).
4
Evaluate -8 - -12 - (-1 - -2).
3
Evaluate 3 + (3 - (-1 - (0 + -7))).
0
What is the value of 7 - 14 - (-2 - 1 - 3)?
-1
What is -7 + 7 - (6 - 7)?
1
Evaluate (-7 - -8) + -3 + (4 - 5).
-3
-10 + 11 + (2 - -1)
4
-15 + 14 + 3 + -6 + -3
-7
3 - ((-3 - -3) + 3 + -2)
2
What is the value of -3 + 12 + 3 + -5 - 3?
4
What is the value of 0 - -2 - ((0 - -5) + 0)?
-3
-4 - -6 - (-3 + 5 + -6)
6
Evaluate (3 - ((-4 - -4) + -2)) + -1.
4
What is the value of -11 - 1 - (40 - 46)?
-6
What is the value of 3 + 2 + 0 + -4?
1
What is -11 + (-5 - -1) + 10?
-5
-13 - 0 - (47 + -53)
-7
-2 + 3 - (-2 - 2 - -7)
-2
What is 3 - (-2 - (6 - (20 - 6)))?
-3
Calculate (-11 - -4) + (-3 - -5).
-5
Calculate -1 - 1 - (-2 - 0).
0
Evaluate 3 + -2 - (5 + 0 + -1).
-3
What is 8 - -1 - (33 + -19)?
-5
Calculate -8 - (-12 - -13) - -2.
-7
Calculate (-1 - (1 + -4)) + -2 + 4.
4
Evaluate (-24 - -31) + -11 + 1.
-3
Calculate 8 + -6 + (-1 - 1 - 0).
0
What is (1 - (3 + -5)) + 2 - 1?
4
What is the value of -2 + 1 - (-17 + 22)?
-6
Evaluate 0 + -3 - (157 + -162).
2
Calculate 1 + 3 - (-3 + 11).
-4
1 - (-9 + -2 + 19)
-7
What is the value of (4 + -4 - -13) + -3 + -2?
8
What is 2 - ((3 - 8 - -14) + -3)?
-4
What is (9 - 3) + 11 + -20?
-3
Evaluate -9 - (5 - 4 - 5).
-5
Calculate 5 + 0 - (-2 - (3 - 0)).
10
Evaluate 2 + (-7 - -2) - (1 + 1).
-5
Calculate (-7 - (-9 + -3)) + -6.
-1
Calculate (0 - (4 - 7)) + 0.
3
What is the value of 3 + 3 - (6 - 4) - 3?
1
What is (-3 + 5 - (0 + -3)) + -7?
-2
What is 3 + (2 - (-2 + 1)) + -11?
-5
Evaluate (14 - 10 - (-2 + -1)) + -3.
4
10 + 2 + -8 + -3
1
0 - (0 - 0) - (-4 + 7)
-3
7 + (-3 + 1 - (1 + -1))
5
(-2 - -8) + (0 - 1)
5
(-1 - 0) + 2 + 0 - 1
0
Calculate -24 - (-7 - (1 + 0)) - -8.
-8
What is the value of -5 - (-6 + 3) - (-2 + -2)?
2
1 + 6 + (4 - 8)
3
What is the value of (0 + 2 - -3) + 15 + -14?
6
Calculate 5 - (-1 + -6 + 16 - 0).
-4
Calculate 0 - 1 - -9 - (-25 + 25).
8
What is the value of 9 + (1 - (0 - -7))?
3
What is 2 + -6 + 6 - 0?
2
1 + (-1 - 1) - (-3 + 3)
-1
What is -3 + -1 + 6 + -5?
-3
Evaluate 0 + -2 - (-1 + 5 - 4).
-2
What is the value of 25 - 27 - (3 - 2) - 7?
-10
Evaluate -7 + (-2 - -4 - (13 + -9)).
-9
5 - 7 - (8 + -4)
-6
Calculate (7 - -2) + (-3 - 3).
3
Evaluate (-4 - -4) + (-4 - 0).
-4
(-1 - (13 - (13 + -7))) + 6
-2
What is the value of (19 - 5 - -4) + -9 + 2?
11
Evaluate 12 + (5 - -4) + -15.
6
What is (62 - 48) + -9 + -1?
4
Evaluate -3 + (-2 + 5 - 1).
-1
Calculate -3 - ((7 + -7 - -3) + -9).
3
-10 - (-12 - -10 - 6)
-2
What is the value of 2 + 3 - (-2 + (-3 - -12))?
-2
What is the value of 5 + -5 + -1 + 3 + 0?
2
-6 + 6 + (-1 - 4)
-5
What is -11 - -1 - (177 - 183)?
-4
0 + 0 - (0 + -3)
3
What is (22 - 24) + (1 - 5)?
-6
Evaluate -4 + (4 - (7 - 3)) + 0.
-4
What is the value of (-1 - -5 - (15 - 12)) + 1?
2
What is the value of (14 - 24) + (-1 - -1) + 4?
-6
What is the value of 3 + (2 - 6 - (-5 - -2))?
2
Calculate 8 + (-8 - (-8 + 7 + -7)).
8
4 + -7 + -4 - -1
-6
Calculate -4 - 1 - (-10 - -7).
-2
What is the value of 0 - -9 - (18 - 15) - 3?
3
What is -107 + 110 - (10 - (1 - 3))?
-9
Evaluate (-3 - (-3 + 0 + 4)) + 2.
-2
-7 + 4 + -5 + 6
-2
What is the value of 5 + -6 + 10 + -3 + -5?
1
What is -4 + 0 + -3 + 5?
-2
Evaluate 23 + -25 - (3 - 1).
-4
Calculate 2 + 6 + -23 + 21.
6
What is the value of -11 + -2 + 7 + 8 - -4?
6
Calculate (-13 + 12 - (-2 - 0)) + 3.
4
1 + -8 - (16 + -2 - 15)
-6
What is (1 - 2) + -9 + 6 - 0?
-4
What is the value of 517 - 519 - (-2 + 1 + -2)?
1
What is the value of -5 + 1 + (-6 - -14) + -9?
-5
-66 - -69 - (8 - -2)
-7
Calculate 19 - 22 - (-1 + 0).
-2
-8 + (3 + -2 - -11)
4
What is the value of -11 + -9 + 24 + -9?
-5
What is the value of (-7 - -3) + (-2 - (1 - 6))?
-1
Calculate (4 - 5 - 0) + (0 - 0).
-1
-7 + (11 - -7 - 7)
4
Evaluate -1 + (0 - 5 - -4).
-2
(-5 - 1) + -6 + 7
-5
Calculate -3 - (3 - (7 + -5)).
-4
What is 0 + -2 + 10 + -14?
-6
What is -2 + 2 - (-6 - -1 - -3)?
2
What is (2 - 0) + (-1 - 1 - -2)?
2
What is the value of (-3 - 3 - -2) + -1?
-5
What is (0 - 0) + 1 + (0 - 6)?
-5
0 + 3 - (3 + -1)
1
0 + (0 - 1) + 4
3
What is the value of 8 + -16 - (-4 + 9) - -8?
-5
7 + 3 + 5 + -9
6
What is 3 + -8 + (-1 - (-6 + 3))?
-3
Calculate 3 - 14 - -6 - 1.
-6
Evaluate -9 - 2 - (-7 + -4 - -6).
-6
Calculate -2 + 13 + -6 + 0.
5
Evaluate -5 - (-4 - (-4 + 4)).
-1
What is the value of 2 - (3 - 1 - (-5 + 7))?
2
Evaluate (-3 - 1 - (-7 - 0)) + -4.
-1
Calculate 3 - (-3 - (-2 - 3)).
1
Calculate -7 + 0 + -1 - -3.
-5
3 + (-3 - -4 - 1)
3
Calculate 8 + (41 - 46) + 2 + 0.
5
What is -3 + -1 + -2 - -3 - -5?
2
Calculate -7 - (-8 - -5) - -1.
-3
Evaluate 2 + -2 + 1 + 1.
2
Calculate (-7 - (-18 + 12)) + 12.
11
What is 5 + (4 - -4) - (6 - -1)?
6
Evaluate -3 - ((4 - 3) + -6).
2
Calculate -9 - -7 - 9 - -2.
-9
What is 0 + (1 - 5) + 5?
1
Calculate -18 + 4 + 1 + (-2 - -6).
-9
Evaluate -7 + (-5 - (-3 + -3)) - -6.
0
What is 4 + 1 + (6 - 9)?
2
Evaluate -1 + (4 - (2 - (-4 + -1))).
-4
-2 - (2 + -6 + (10 - 5))
-3
Evaluate -2 + 1 - (-3 + 3).
-1
What is the value of 3 + (2 - 2) - 0?
3
What is 4 - (2 - -3) - -1?
0
What is the value of (3 - (-24 + 9)) + -9?
9
Evaluate 0 + 4 - 7 - -3.
0
4 + -4 + -5 + 7 - 4
-2
What is (0 - (1 - 2)) + -2?
-1
What is 12 - ((-12 - -7) + 12)?
5
Calculate -1 + 0 + (-57 - -62).
4
What is -7 + -2 - (15 + -21)?
-3
Evaluate 1 - (5 + -6) - (0 + -1).
3
Evaluate (-11 + 3 - -7) + -3 + 1.
-3
What is the value of 0 - -3 - (3 + 7 + -3)?
-4
-1 + 5 + 4 + -7 + 1
2
What is 1 - (5 + (-7 - (-12 + 6)))?
-3
Calculate -1 - (5 + (0 - 4)).
-2
What is the value of 0 + -2 + 3 + 4 + -8?
-3
What is the value of 8 - (1 + (4 - 0))?
3
Evaluate 2 - ((-9 - 4 - -4) + 6).
5
Evaluate 1 - -6 - (-5 + 8).
4
What is the value of 1 - (0 - 1 - (0 - 1))?
1
Calculate 33 + -31 - ((12 - 3) + -3).
-4
Calculate (5 - 0) + -11 - -1.
-5
Evaluate -14 - -13 - (2 + -6).
3
What is -1 + 1 - (-1 - (-7 - -2))?
-4
0 + (-4 + -1 - -8) + 0
3
-7 - (2 + -3 - (6 + -2))
-2
Calculate (-4 - 1 - -4) + 6.
5
What is the value of (-1 - (7 + -2)) + 6?
0
What is (0 + 0 - (5 + -9)) + -1?
3
Evaluate (2 + -1 - 11) + 6.
-4
Calculate 2 + -8 + 1 + 1.
-4
Evaluate 7 - (-6 - -7 - (0 - 4)).
2
What is 6 + -8 + 3 + (1 - -1)?
3
-5 + 3 + 5 - 2 - 1
0
6 + (6 - 10) - (-2 - -10)
-6
What is the value of (2 - 1) + (3 - 5 - -5)?
4
Calculate 4 + 0 + (9 - (17 + -2)).
-2
What is -3 - (2 - (0 + 3 + 1))?
-1
What is the value of 12 + (3 - 0) + 7 + -11?
11
What is the value of (-5 + 4 - -3) + 2?
4
What is the value of (4 - -3) + -10 - -1?
-2
What is the value of (2 - ((3 - 1) + -1)) + -2?
-1
(-6 - 2) + (8 - 1)
-1
What is -5 - ((-6 - -4) + 8 + -5)?
-6
10 - (15 - 5 - 4)
4
What is -4 + (3 - 4) - (39 - 42)?
-2
Evaluate 9 - (-18 + 10 + 8).
9
What is the value of -5 + (-3 + (-5 - -8) - -5)?
0
What is the value of 6 - 4 - 1 - 4?
-3
Calculate -4 + 10 + (-4 - 1).
1
Evaluate -6 - (-1 - (5 - 5)).
-5
What is -4 - (-1 - 5 - -5)?
-3
What is the value of 5 + -11 + (1 - 1)?
-6
Calculate (6 - -6) + (12 - 24).
0
6 + -8 + 7 + -1
4
-11 - (3 + -11 + -9)
6
What is 4 + 0 + (-1 - (-3 - -1))?
5
What is (46 - 52) + (1 - 1)?
-6
Evaluate -3 + (-4 - -7 - -3 - 4).
-1
What is the value of -9 - (-1 + 6 + -13 + 4)?
-5
What is (5 - 6) + 2 + -4?
-3
Evaluate -3 + 17 - 7 - 0.
7
Evaluate (0 - -6) + -2 + -7.
-3
Evaluate -4 + (-12 - -7) + 7.
-2
What is -2 + 6 + -2 + 1?
3
What is 9 + -4 - (-3 + 6 + 